{"id":507,"date":"2020-09-11T05:40:53","date_gmt":"2020-09-11T05:40:53","guid":{"rendered":"https:\/\/brenzikofen.ch\/?page_id=507"},"modified":"2022-04-14T11:41:08","modified_gmt":"2022-04-14T11:41:08","slug":"links","status":"publish","type":"page","link":"https:\/\/brenzikofen.ch\/index.php\/verwaltung\/wichtige-adressen\/links\/","title":{"rendered":"Links"},"content":{"rendered":"\n<p><a href=\"https:\/\/www.anzeigerkonolfingen.ch\/1166\" data-type=\"URL\" data-id=\"https:\/\/www.anzeigerkonolfingen.ch\/1166\" target=\"_blank\" rel=\"noreferrer noopener\">Anzeiger Konolfingen<\/a><\/p>\n\n\n\n<p><a rel=\"noreferrer noopener\" href=\"https:\/\/www.ara-kiesen.ch\" target=\"_blank\">ARA Region Unteres Kiesental<\/a><\/p>\n\n\n\n<p><a href=\"http:\/\/www.avag.ch\/\" data-type=\"URL\" data-id=\"http:\/\/www.avag.ch\/\" target=\"_blank\" rel=\"noreferrer noopener\">AVAG Betriebs AG<\/a><\/p>\n\n\n\n<p><a href=\"https:\/\/www.bauen.dij.be.ch\/de\/start\/formulare.html\" data-type=\"URL\" target=\"_blank\" rel=\"noreferrer noopener\">Bauen &#8211; Baugesuchsformulare<\/a><\/p>\n\n\n\n<p><a href=\"https:\/\/brenzikofen.ch\/wp-content\/uploads\/2020\/09\/Checkliste-fuer-das-Einreichen-von-Baugesuchen.pdf\" data-type=\"URL\" data-id=\"https:\/\/brenzikofen.ch\/wp-content\/uploads\/2020\/09\/Checkliste-fuer-das-Einreichen-von-Baugesuchen.pdf\" target=\"_blank\" rel=\"noreferrer noopener\">Bauen &#8211; Checkliste Baueingabe<\/a><\/p>\n\n\n\n<p><a rel=\"noreferrer noopener\" href=\"https:\/\/sso.be.ch\/auth\/realms\/ebau\/protocol\/openid-connect\/auth?client_id=portal&amp;redirect_uri=https:\/\/www.portal.ebau.apps.be.ch\/login&amp;response_type=code&amp;state=7b8bbc2a-1b5d-4e72-a822-163dda65db91&amp;scope=openid\" data-type=\"URL\" data-id=\"https:\/\/sso.be.ch\/auth\/realms\/ebau\/protocol\/openid-connect\/auth?client_id=portal&amp;redirect_uri=https:\/\/www.portal.ebau.apps.be.ch\/login&amp;response_type=code&amp;state=7b8bbc2a-1b5d-4e72-a822-163dda65db91&amp;scope=openid\" target=\"_blank\">Bauen &#8211; eBau<\/a><\/p>\n\n\n\n<p><a rel=\"noreferrer noopener\" href=\"https:\/\/kibon.ch\/web\/#\/anmeldung\" target=\"_blank\">Betreuungsgutscheine<\/a><\/p>\n\n\n\n<p><a href=\"https:\/\/www.rsta.dij.be.ch\/de\/start\/themen\/gastgewerbe\/gastgewerbliche-einzelbewilligung.html\" target=\"_blank\" rel=\"noreferrer noopener\">Festwirtschaftsbewilligung<\/a><\/p>\n\n\n\n<p><a rel=\"noreferrer noopener\" href=\"http:\/\/www.friedhof-oberdiessbach.ch\" target=\"_blank\">Gemeindeverband f\u00fcr Friedhofwesen<\/a><\/p>\n\n\n\n<p><a href=\"https:\/\/www.pass-id.sid.be.ch\/de\/start.html\" target=\"_blank\" rel=\"noreferrer noopener\">Identit\u00e4tskarten und P\u00e4sse<\/a><\/p>\n\n\n\n<p><a href=\"https:\/\/www.kesb.dij.be.ch\/de\/start\/ueber-uns\/ueber-die-kesb\/kesb-mittelland-sued.html\" target=\"_blank\" rel=\"noreferrer noopener\">Kinder- und Erwachsenenschutzbeh\u00f6rde KESB Mittelland-S\u00fcd<\/a><\/p>\n\n\n\n<p><a rel=\"noreferrer noopener\" href=\"https:\/\/www.kinderpunkt.ch\/\" target=\"_blank\">Kindertagesst\u00e4tte Kinderpunkt Oberdiessbach<\/a><\/p>\n\n\n\n<p><a href=\"https:\/\/mp-ria-12.zetcom.com\/MpWeb-fpLOSPOBern\/v\/public?module=Project&amp;templateId=688380&amp;l=de\" target=\"_blank\" rel=\"noreferrer noopener\">Lottos und Tombolas &#8211; Online Meldeformular<\/a><\/p>\n\n\n\n<p><a rel=\"noreferrer noopener\" href=\"https:\/\/www.mvb-be.ch\/de\" target=\"_blank\">M\u00fctter- und V\u00e4terberatung<\/a><\/p>\n\n\n\n<p><a rel=\"noreferrer noopener\" href=\"https:\/\/www.vapko.ch\/index.php\/de\/eine-pilzkontrollstelle-finden?search=3510&amp;searchRayon=10\" target=\"_blank\">Pilzkontrolle<\/a><\/p>\n\n\n\n<p><a href=\"https:\/\/www.asv.dij.be.ch\/de\/start\/themen\/pv\/pv_anrecht-auf-pv.html\" target=\"_blank\" rel=\"noreferrer noopener\">Pr\u00e4mienverbilligung<\/a><\/p>\n\n\n\n<p><a href=\"https:\/\/www.prosenectute.ch\/pro-senectute-be\/de\/ueber-uns\/Standorte.html\" target=\"_blank\" rel=\"noreferrer noopener\">Pro Senectute Emmental-Oberaargau<\/a><\/p>\n\n\n\n<p><a rel=\"noreferrer noopener\" href=\"https:\/\/www.kirche-oberdiessbach.ch\/\" data-type=\"URL\" data-id=\"https:\/\/www.kirche-oberdiessbach.ch\/\" target=\"_blank\">Reformierte Kirchgemeinde Oberdiessbach<\/a><\/p>\n\n\n\n<p><a rel=\"noreferrer noopener\" href=\"https:\/\/www.bernmittelland.ch\/de\/\" target=\"_blank\">Regionalkonferenz Bern-Mittelland<\/a><\/p>\n\n\n\n<p><a href=\"https:\/\/www.kathbern.ch\/konolfingen\/\" target=\"_blank\" rel=\"noreferrer noopener\">R\u00f6misch-katholische Kirchgemeinde Konolfingen<\/a><\/p>\n\n\n\n<p><a rel=\"noreferrer noopener\" href=\"https:\/\/www.seniorennetzwerk.ch\/\" target=\"_blank\">Seniorennetzwerk Region Oberdiessbach<\/a><\/p>\n\n\n\n<p><a rel=\"noreferrer noopener\" href=\"https:\/\/www.srk-bern.ch\/de\/mittelland\/home\/\" target=\"_blank\">Schweizerisches Rotes Kreuz Mittelland<\/a><\/p>\n\n\n\n<p><a rel=\"noreferrer noopener\" href=\"https:\/\/www.sv.fin.be.ch\/sv_fin\/de\/index\/navi\/index\/frist-verlaengern.html\" target=\"_blank\">Steuern &#8211; Fristverl\u00e4ngerungsgesuch<\/a><\/p>\n\n\n\n<p><a href=\"https:\/\/www.sv.fin.be.ch\/de\/start.html\" target=\"_blank\" rel=\"noreferrer noopener\">Steuerverwaltung des Kantons Bern<\/a><\/p>\n\n\n\n<p><a href=\"https:\/\/www.svsa.sid.be.ch\/de\/start.html\" target=\"_blank\" rel=\"noreferrer noopener\">Strassenverkehrs- und Schifffahrtsamt des Kantons Bern<\/a><\/p>\n\n\n\n<p><a rel=\"noreferrer noopener\" href=\"https:\/\/www.stmz.ch\/de\/\" target=\"_blank\">Tiermeldezentrale stmz<\/a><\/p>\n","protected":false},"excerpt":{"rendered":"<p>Anzeiger Konolfingen ARA Region Unteres Kiesental AVAG Betriebs AG Bauen &#8211; Baugesuchsformulare Bauen &#8211; Checkliste Baueingabe Bauen &#8211; eBau Betreuungsgutscheine Festwirtschaftsbewilligung Gemeindeverband f\u00fcr Friedhofwesen Identit\u00e4tskarten und P\u00e4sse Kinder- und Erwachsenenschutzbeh\u00f6rde KESB Mittelland-S\u00fcd Kindertagesst\u00e4tte Kinderpunkt Oberdiessbach Lottos und Tombolas &#8211; Online Meldeformular M\u00fctter- und V\u00e4terberatung Pilzkontrolle Pr\u00e4mienverbilligung Pro Senectute Emmental-Oberaargau Reformierte Kirchgemeinde Oberdiessbach Regionalkonferenz Bern-Mittelland R\u00f6misch-katholische [&hellip;]<\/p>\n","protected":false},"author":1,"featured_media":0,"parent":306,"menu_order":0,"comment_status":"closed","ping_status":"closed","template":"","meta":{"_expiration-date-status":"","_expiration-date":1649395813,"_expiration-date-type":"draft","_expiration-date-categories":[],"_expiration-date-options":[],"footnotes":""},"_links":{"self":[{"href":"https:\/\/brenzikofen.ch\/index.php\/wp-json\/wp\/v2\/pages\/507"}],"collection":[{"href":"https:\/\/brenzikofen.ch\/index.php\/wp-json\/wp\/v2\/pages"}],"about":[{"href":"https:\/\/brenzikofen.ch\/index.php\/wp-json\/wp\/v2\/types\/page"}],"author":[{"embeddable":true,"href":"https:\/\/brenzikofen.ch\/index.php\/wp-json\/wp\/v2\/users\/1"}],"replies":[{"embeddable":true,"href":"https:\/\/brenzikofen.ch\/index.php\/wp-json\/wp\/v2\/comments?post=507"}],"version-history":[{"count":24,"href":"https:\/\/brenzikofen.ch\/index.php\/wp-json\/wp\/v2\/pages\/507\/revisions"}],"predecessor-version":[{"id":1188,"href":"https:\/\/brenzikofen.ch\/index.php\/wp-json\/wp\/v2\/pages\/507\/revisions\/1188"}],"up":[{"embeddable":true,"href":"https:\/\/brenzikofen.ch\/index.php\/wp-json\/wp\/v2\/pages\/306"}],"wp:attachment":[{"href":"https:\/\/brenzikofen.ch\/index.php\/wp-json\/wp\/v2\/media?parent=507"}],"curies":[{"name":"wp","href":"https:\/\/api.w.org\/{rel}","templated":true}]}}