{"id":44,"date":"2020-06-25T14:40:05","date_gmt":"2020-06-25T14:40:05","guid":{"rendered":"https:\/\/brenzikofen.vogt-elektro.ch\/?page_id=44"},"modified":"2022-04-08T17:09:17","modified_gmt":"2022-04-08T17:09:17","slug":"home","status":"publish","type":"page","link":"https:\/\/brenzikofen.ch\/","title":{"rendered":"Home"},"content":{"rendered":"\n<h3 class=\"has-text-align-center wp-block-heading\">Willkommen in Brenzikofen<\/h3>\n\n\n\n<p class=\"has-text-align-center\">Es freut uns, Sie auf unserer Internetseite begr\u00fcssen zu d\u00fcrfen!<\/p>\n\n\n\n<p class=\"has-text-align-center\">Wir laden Sie ein, die Gemeinde Brenzikofen zu besuchen &#8211; sei es virtuell auf unserer Homepage oder pers\u00f6nlich in unserem ruhigen Dorf mit seinen vielen erhaltens- und sch\u00fctzenswerten Geb\u00e4uden.<\/p>\n\n\n\n<h2 class=\"wp-block-heading\"><span class=\"has-inline-color has-dark-gray-color\">News \/ Events<\/span><\/h2>\n\n\n\n<style type='text\/css' media='all'>#rt-tpg-container-874964317 .rt-holder .rt-woo-info .price{color:#0367bf;}body .rt-tpg-container .rt-tpg-isotope-buttons .selected, \r\n\t\t\t\t\t\t#rt-tpg-container-874964317 .layout12 .rt-holder:hover .rt-detail, \r\n\t\t\t\t\t\t#rt-tpg-container-874964317 .isotope8 .rt-holder:hover .rt-detail, \r\n\t\t\t\t\t\t#rt-tpg-container-874964317 .carousel8 .rt-holder:hover .rt-detail,\r\n\t\t\t\t        #rt-tpg-container-874964317 .layout13 .rt-holder .overlay .post-info, \r\n\t\t\t\t        #rt-tpg-container-874964317 .isotope9 .rt-holder .overlay .post-info, \r\n\t\t\t\t        #rt-tpg-container-874964317.rt-tpg-container .layout4 .rt-holder .rt-detail,\r\n\t\t\t\t        .rt-modal-874964317 .md-content, \r\n\t\t\t\t        .rt-modal-874964317 .md-content > .rt-md-content-holder .rt-md-content, \r\n\t\t\t\t        .rt-popup-wrap-874964317.rt-popup-wrap .rt-popup-navigation-wrap, \r\n\t\t\t\t        #rt-tpg-container-874964317 .carousel9 .rt-holder .overlay .post-info{background-color:#0367bf;}#rt-tpg-container-874964317 .layout5 .rt-holder .overlay, #rt-tpg-container-874964317 .isotope2 .rt-holder .overlay, #rt-tpg-container-874964317 .carousel2 .rt-holder .overlay,#rt-tpg-container-874964317 .layout15 .rt-holder h3, #rt-tpg-container-874964317 .isotope11 .rt-holder h3, #rt-tpg-container-874964317 .carousel11 .rt-holder h3, #rt-tpg-container-874964317 .layout16 .rt-holder h3,\r\n\t\t\t\t\t#rt-tpg-container-874964317 .isotope12 .rt-holder h3, #rt-tpg-container-874964317 .carousel12 .rt-holder h3 {background-color:rgba(3,103,191,0.8);}#rt-tpg-container-874964317 .read-more a{border-radius:px;}#rt-tpg-container-874964317 .rt-img-holder img.rt-img-responsive,#rt-tpg-container-874964317 .rt-img-holder,\r\n\t\t\t\t#rt-tpg-container-874964317 .rt-post-overlay .post-img,\r\n\t\t\t\t#rt-tpg-container-874964317 .post-sm .post-img,\r\n\t\t\t\t#rt-tpg-container-874964317 .rt-post-grid .post-img,\r\n\t\t\t\t#rt-tpg-container-874964317 .post-img img {border-radius:px;}#rt-tpg-container-874964317 .layout1 .rt-holder h2.entry-title,\r\n                #rt-tpg-container-874964317 .layout1 .rt-holder h3.entry-title,\r\n                #rt-tpg-container-874964317 .layout1 .rt-holder h4.entry-title,\r\n                #rt-tpg-container-874964317 .layout1 .rt-holder h2.entry-title a,\r\n                #rt-tpg-container-874964317 .layout1 .rt-holder h3.entry-title a,\r\n                #rt-tpg-container-874964317 .layout1 .rt-holder h4.entry-title a,\r\n                #rt-tpg-container-874964317 .rt-holder .rt-woo-info h2 a,\r\n                #rt-tpg-container-874964317 .rt-holder .rt-woo-info h3 a,\r\n                #rt-tpg-container-874964317 .rt-holder .rt-woo-info h4 a,\r\n                #rt-tpg-container-874964317 .post-content .post-title,\r\n                #rt-tpg-container-874964317 .rt-post-grid .post-title,\r\n                #rt-tpg-container-874964317 .rt-post-grid .post-title a,\r\n                #rt-tpg-container-874964317 .post-content .post-title a,\r\n                #rt-tpg-container-874964317 .rt-holder .rt-woo-info h2,\r\n                #rt-tpg-container-874964317 .rt-holder .rt-woo-info h3,\r\n                #rt-tpg-container-874964317 .rt-holder .rt-woo-info h4{font-size:18px;line-height:28px;}#rt-tpg-container-874964317 .post-grid-lg-style-1 .post-title,\r\n\t\t\t\t\t\t#rt-tpg-container-874964317 .post-grid-lg-style-1 .post-title a, \r\n\t\t\t\t\t\t#rt-tpg-container-874964317 .big-layout .post-title,\r\n\t\t\t\t\t\t#rt-tpg-container-874964317 .big-layout .post-title a, \r\n\t\t\t\t\t\t#rt-tpg-container-874964317 .post-grid-lg-style-1 .post-title,\r\n\t\t\t\t\t\t#rt-tpg-container-874964317 .post-grid-lg-style-1 .post-title a {font-size:26px;line-height:36px;}#rt-tpg-container-874964317 .layout1 .rt-holder .post-meta-user,\r\n\t\t\t\t\t\t#rt-tpg-container-874964317 .layout1 .rt-meta,\r\n\t\t\t\t\t\t#rt-tpg-container-874964317 .layout1 .rt-meta a,\r\n\t\t\t\t\t\t#rt-tpg-container-874964317 .layout1 .rt-holder .post-meta-user .meta-data,\r\n\t\t\t\t\t\t#rt-tpg-container-874964317 .layout1 .rt-holder .post-meta-user a,\r\n\t\t\t\t\t\t#rt-tpg-container-874964317 .layout1 .rt-holder .rt-detail .post-meta .rt-tpg-social-share,\r\n\t\t\t\t\t\t#rt-tpg-container-874964317 .rt-post-overlay .post-meta-user span,\r\n\t\t\t\t\t\t#rt-tpg-container-874964317 .rt-post-overlay .post-meta-user,\r\n\t\t\t\t\t\t#rt-tpg-container-874964317 .rt-post-overlay .post-meta-user a,\r\n\t\t\t\t\t\t#rt-tpg-container-874964317 .rt-post-grid .post-meta-user,\r\n\t\t\t\t\t\t#rt-tpg-container-874964317 .rt-post-grid .post-meta-user a,\r\n\t\t\t\t\t\t#rt-tpg-container-874964317 .rt-post-box-media-style .post-meta-user,\r\n\t\t\t\t\t\t#rt-tpg-container-874964317 .rt-post-box-media-style .post-meta-user a,\r\n\t\t\t\t\t\t#rt-tpg-container-874964317 .layout1 .post-meta-user i,\r\n\t\t\t\t\t\t#rt-tpg-container-874964317 .rt-detail .post-meta-category a,\r\n\t\t\t\t\t\t#rt-tpg-container-874964317 .layout1 .post-meta-user a\r\n\t\t\t\t\t\t#rt-tpg-container-874964317 .layout1 .post-meta-user a {font-size:13px;}<\/style><div class='rt-container-fluid rt-tpg-container ' id='rt-tpg-container-874964317'   data-layout='layout1' data-grid-style='even' data-desktop-col='2'  data-tab-col='1'  data-mobile-col='1' data-sc-id='1147'><div data-title='Loading ...' class='rt-row rt-content-loader layout1 tpg-even '><div class=\"rt-col-md-6 rt-col-sm-12 rt-col-xs-12 even-grid-item rt-grid-item\" data-id=\"2419\"><div class=\"rt-holder\"><div class='rt-detail'><h3 class=\"entry-title\"><a data-id=\"2419\" class=\"\" href=\"https:\/\/brenzikofen.ch\/index.php\/2026\/04\/16\/gemeindeverwaltung-geschlossen-20-24-04-2026\/\">Gemeindeverwaltung geschlossen (20. &#8211; 24.04.2026)<\/a><\/h3><div class='post-meta-user  '><span class='date'><i class='far fa-calendar-alt'><\/i>April 16, 2026<\/span><\/div><div class='post-meta '><span class='read-more'><a data-id='2419' class='' href='https:\/\/brenzikofen.ch\/index.php\/2026\/04\/16\/gemeindeverwaltung-geschlossen-20-24-04-2026\/'>Mehr erfahren<\/a><\/span><\/div><\/div><\/div><\/div><div class=\"rt-col-md-6 rt-col-sm-12 rt-col-xs-12 even-grid-item rt-grid-item\" data-id=\"2429\"><div class=\"rt-holder\"><div class='rt-detail'><h3 class=\"entry-title\"><a data-id=\"2429\" class=\"\" href=\"https:\/\/brenzikofen.ch\/index.php\/2026\/04\/15\/sonderabfallsammlung-2-mai-2026\/\">Sonderabfallsammlung 2. Mai 2026<\/a><\/h3><div class='post-meta-user  '><span class='date'><i class='far fa-calendar-alt'><\/i>April 15, 2026<\/span><\/div><div class='post-meta '><span class='read-more'><a data-id='2429' class='' href='https:\/\/brenzikofen.ch\/index.php\/2026\/04\/15\/sonderabfallsammlung-2-mai-2026\/'>Mehr erfahren<\/a><\/span><\/div><\/div><\/div><\/div><div class=\"rt-col-md-6 rt-col-sm-12 rt-col-xs-12 even-grid-item rt-grid-item\" data-id=\"2404\"><div class=\"rt-holder\"><div class='rt-detail'><h3 class=\"entry-title\"><a data-id=\"2404\" class=\"\" href=\"https:\/\/brenzikofen.ch\/index.php\/2026\/04\/03\/dr-gleitigscht-diessbacher-25-04-2026\/\">Dr gleitigscht Diessbacher 25.04.2026<\/a><\/h3><div class='post-meta-user  '><span class='date'><i class='far fa-calendar-alt'><\/i>April 3, 2026<\/span><\/div><div class='post-meta '><span class='read-more'><a data-id='2404' class='' href='https:\/\/brenzikofen.ch\/index.php\/2026\/04\/03\/dr-gleitigscht-diessbacher-25-04-2026\/'>Mehr erfahren<\/a><\/span><\/div><\/div><\/div><\/div><div class=\"rt-col-md-6 rt-col-sm-12 rt-col-xs-12 even-grid-item rt-grid-item\" data-id=\"2407\"><div class=\"rt-holder\"><div class='rt-detail'><h3 class=\"entry-title\"><a data-id=\"2407\" class=\"\" href=\"https:\/\/brenzikofen.ch\/index.php\/2026\/03\/26\/verordnung-wasser-und-abwasser-publikation-anzeiger-26-03-2026\/\">Verordnung Wasser und Abwasser, Publikation Anzeiger 26.03.2026<\/a><\/h3><div class='post-meta-user  '><span class='date'><i class='far fa-calendar-alt'><\/i>M\u00e4rz 26, 2026<\/span><\/div><div class='post-meta '><span class='read-more'><a data-id='2407' class='' href='https:\/\/brenzikofen.ch\/index.php\/2026\/03\/26\/verordnung-wasser-und-abwasser-publikation-anzeiger-26-03-2026\/'>Mehr erfahren<\/a><\/span><\/div><\/div><\/div><\/div><div class=\"rt-col-md-6 rt-col-sm-12 rt-col-xs-12 even-grid-item rt-grid-item\" data-id=\"449\"><div class=\"rt-holder\"><div class='rt-detail'><h3 class=\"entry-title\"><a data-id=\"449\" class=\"\" href=\"https:\/\/brenzikofen.ch\/index.php\/2026\/03\/26\/trinkwasserqualitaet-brenzikofen\/\">Trinkwasserqualit\u00e4t Brenzikofen 17.03.2026<\/a><\/h3><div class='post-meta-user  '><span class='date'><i class='far fa-calendar-alt'><\/i>M\u00e4rz 26, 2026<\/span><\/div><div class='post-meta '><span class='read-more'><a data-id='449' class='' href='https:\/\/brenzikofen.ch\/index.php\/2026\/03\/26\/trinkwasserqualitaet-brenzikofen\/'>Mehr erfahren<\/a><\/span><\/div><\/div><\/div><\/div><div class=\"rt-col-md-6 rt-col-sm-12 rt-col-xs-12 even-grid-item rt-grid-item\" data-id=\"444\"><div class=\"rt-holder\"><div class='rt-detail'><h3 class=\"entry-title\"><a data-id=\"444\" class=\"\" href=\"https:\/\/brenzikofen.ch\/index.php\/2026\/03\/01\/invasive-neophyten-problempflanzen-bekaempfen-und-alternativen-finden\/\">Invasive Neophyten \u2013 Problempflanzen bek\u00e4mpfen und Alternativen finden<\/a><\/h3><div class='post-meta-user  '><span class='date'><i class='far fa-calendar-alt'><\/i>M\u00e4rz 1, 2026<\/span><\/div><div class='post-meta '><span class='read-more'><a data-id='444' class='' href='https:\/\/brenzikofen.ch\/index.php\/2026\/03\/01\/invasive-neophyten-problempflanzen-bekaempfen-und-alternativen-finden\/'>Mehr erfahren<\/a><\/span><\/div><\/div><\/div><\/div><\/div><\/div>\n\n\n\n<h2 class=\"wp-block-heading\"><span class=\"has-inline-color has-dark-gray-color\">Leitbild<\/span><\/h2>\n\n\n\n<figure class=\"wp-block-image size-large\"><img fetchpriority=\"high\" decoding=\"async\" width=\"1024\" height=\"572\" src=\"https:\/\/brenzikofen.ch\/wp-content\/uploads\/2020\/08\/grafik-1024x572.png\" alt=\"\" class=\"wp-image-344\"\/><\/figure>\n\n\n\n<div class=\"wp-block-file\"><a href=\"https:\/\/brenzikofen.ch\/wp-content\/uploads\/2020\/08\/Gemeinde-Brenzikofen-11.pdf\" target=\"_blank\" rel=\"noreferrer noopener\">Leitbild Gemeinde Brenzikofen<\/a><a href=\"https:\/\/brenzikofen.ch\/wp-content\/uploads\/2020\/08\/Gemeinde-Brenzikofen-11.pdf\" class=\"wp-block-file__button\" download>Herunterladen<\/a><\/div>\n","protected":false},"excerpt":{"rendered":"<p>Willkommen in Brenzikofen Es freut uns, Sie auf unserer Internetseite begr\u00fcssen zu d\u00fcrfen! Wir laden Sie ein, die Gemeinde Brenzikofen zu besuchen &#8211; sei es virtuell auf unserer Homepage oder pers\u00f6nlich in unserem ruhigen Dorf mit seinen vielen erhaltens- und sch\u00fctzenswerten Geb\u00e4uden. News \/ Events Leitbild<\/p>\n","protected":false},"author":2,"featured_media":0,"parent":0,"menu_order":0,"comment_status":"closed","ping_status":"closed","template":"","meta":{"_expiration-date-status":"","_expiration-date":0,"_expiration-date-type":"","_expiration-date-categories":[],"_expiration-date-options":[],"footnotes":""},"_links":{"self":[{"href":"https:\/\/brenzikofen.ch\/index.php\/wp-json\/wp\/v2\/pages\/44"}],"collection":[{"href":"https:\/\/brenzikofen.ch\/index.php\/wp-json\/wp\/v2\/pages"}],"about":[{"href":"https:\/\/brenzikofen.ch\/index.php\/wp-json\/wp\/v2\/types\/page"}],"author":[{"embeddable":true,"href":"https:\/\/brenzikofen.ch\/index.php\/wp-json\/wp\/v2\/users\/2"}],"replies":[{"embeddable":true,"href":"https:\/\/brenzikofen.ch\/index.php\/wp-json\/wp\/v2\/comments?post=44"}],"version-history":[{"count":23,"href":"https:\/\/brenzikofen.ch\/index.php\/wp-json\/wp\/v2\/pages\/44\/revisions"}],"predecessor-version":[{"id":1151,"href":"https:\/\/brenzikofen.ch\/index.php\/wp-json\/wp\/v2\/pages\/44\/revisions\/1151"}],"wp:attachment":[{"href":"https:\/\/brenzikofen.ch\/index.php\/wp-json\/wp\/v2\/media?parent=44"}],"curies":[{"name":"wp","href":"https:\/\/api.w.org\/{rel}","templated":true}]}}