{"id":284,"date":"2020-08-21T13:06:47","date_gmt":"2020-08-21T13:06:47","guid":{"rendered":"https:\/\/brenzikofen.vogt-elektro.ch\/?page_id=284"},"modified":"2025-08-21T13:04:30","modified_gmt":"2025-08-21T13:04:30","slug":"schulkommission","status":"publish","type":"page","link":"https:\/\/brenzikofen.ch\/index.php\/bildung\/schulkommission\/","title":{"rendered":"Schulkommission"},"content":{"rendered":"\n<p><strong>Pr\u00e4sident (Brenzikofen, Vertretung Gemeinderat)<\/strong><br>Thomas Kr\u00e4henb\u00fchl<\/p>\n\n\n\n<p><strong>Vizepr\u00e4sidentin (Herbligen)<\/strong><br>Monika Sch\u00fcpbach<\/p>\n\n\n\n<p><strong>Mitglied Brenzikofen<\/strong><br>Cornelia Gsponer<\/p>\n\n\n\n<p><strong>Mitglied Brenzikofen<\/strong><br>Martina M\u00fchlethaler<\/p>\n\n\n\n<p><strong>Mitglied Herbligen<\/strong> <strong>(Vertretung Gemeinderat)<\/strong><br>Natalie B\u00f6ttcher<\/p>\n\n\n\n<p><strong>Mitglied Herbligen<\/strong><br>Angelika Bachmann<\/p>\n\n\n\n<p><strong>Organisation<\/strong><\/p>\n\n\n\n<ul>\n<li>Pr\u00e4sident\/in wird in der Regel alternierend f\u00fcr 4 Jahre durch Herbligen\/Brenzikofen gestellt<\/li>\n\n\n\n<li>Jedes Mitglied hat eine Stimme, Stichentscheid durch Pr\u00e4sident\/in<\/li>\n\n\n\n<li>Ressort \u201eSchulanlage\u201c wird durch ein Kommissionsmitglied der jeweiligen Gemeinde betreut<\/li>\n\n\n\n<li>Unterschriftenregelung: Pr\u00e4sident\/in und Leiter\/in Administration<\/li>\n<\/ul>\n\n\n\n<p>Die Schulkommission steht Ihnen jederzeit bei Fragen im Zusammenhang mit dem Schulbetrieb zur Verf\u00fcgung bzw. wird Sie an die entsprechende Ansprechperson weiterleiten.<\/p>\n\n\n\n<p><strong>Im Grundsatz gilt<br><\/strong>1. Kontakt:&nbsp;&nbsp;&nbsp;&nbsp;&nbsp;&nbsp; Betreffende Lehrkraft<br>2. wenn n\u00f6tig:&nbsp; Beizug Schulleitung (Alessandra Beyeler)<br>3. wenn n\u00f6tig:&nbsp; Beizug Schulkommission bzw. einzelne Mitglieder nach Bedarf<\/p>\n","protected":false},"excerpt":{"rendered":"<p>Pr\u00e4sident (Brenzikofen, Vertretung Gemeinderat)Thomas Kr\u00e4henb\u00fchl Vizepr\u00e4sidentin (Herbligen)Monika Sch\u00fcpbach Mitglied BrenzikofenCornelia Gsponer Mitglied BrenzikofenMartina M\u00fchlethaler Mitglied Herbligen (Vertretung Gemeinderat)Natalie B\u00f6ttcher Mitglied HerbligenAngelika Bachmann Organisation Die Schulkommission steht Ihnen jederzeit bei Fragen im Zusammenhang mit dem Schulbetrieb zur Verf\u00fcgung bzw. wird Sie an die entsprechende Ansprechperson weiterleiten. Im Grundsatz gilt1. Kontakt:&nbsp;&nbsp;&nbsp;&nbsp;&nbsp;&nbsp; Betreffende Lehrkraft2. wenn n\u00f6tig:&nbsp; Beizug Schulleitung [&hellip;]<\/p>\n","protected":false},"author":1,"featured_media":0,"parent":204,"menu_order":0,"comment_status":"closed","ping_status":"closed","template":"","meta":{"_expiration-date-status":"saved","_expiration-date":0,"_expiration-date-type":"","_expiration-date-categories":[],"_expiration-date-options":[],"footnotes":""},"_links":{"self":[{"href":"https:\/\/brenzikofen.ch\/index.php\/wp-json\/wp\/v2\/pages\/284"}],"collection":[{"href":"https:\/\/brenzikofen.ch\/index.php\/wp-json\/wp\/v2\/pages"}],"about":[{"href":"https:\/\/brenzikofen.ch\/index.php\/wp-json\/wp\/v2\/types\/page"}],"author":[{"embeddable":true,"href":"https:\/\/brenzikofen.ch\/index.php\/wp-json\/wp\/v2\/users\/1"}],"replies":[{"embeddable":true,"href":"https:\/\/brenzikofen.ch\/index.php\/wp-json\/wp\/v2\/comments?post=284"}],"version-history":[{"count":7,"href":"https:\/\/brenzikofen.ch\/index.php\/wp-json\/wp\/v2\/pages\/284\/revisions"}],"predecessor-version":[{"id":2221,"href":"https:\/\/brenzikofen.ch\/index.php\/wp-json\/wp\/v2\/pages\/284\/revisions\/2221"}],"up":[{"embeddable":true,"href":"https:\/\/brenzikofen.ch\/index.php\/wp-json\/wp\/v2\/pages\/204"}],"wp:attachment":[{"href":"https:\/\/brenzikofen.ch\/index.php\/wp-json\/wp\/v2\/media?parent=284"}],"curies":[{"name":"wp","href":"https:\/\/api.w.org\/{rel}","templated":true}]}}