{"id":204,"date":"2020-06-26T12:32:56","date_gmt":"2020-06-26T12:32:56","guid":{"rendered":"https:\/\/brenzikofen.vogt-elektro.ch\/?page_id=204"},"modified":"2020-06-26T12:32:56","modified_gmt":"2020-06-26T12:32:56","slug":"bildung","status":"publish","type":"page","link":"https:\/\/brenzikofen.ch\/index.php\/bildung\/","title":{"rendered":"Bildung"},"content":{"rendered":"\n<h4 class=\"wp-block-heading\">Schulen Herbligen \/ Brenzikofen<\/h4>\n\n\n\n<p>Schon seit Jahren arbeiten die beiden Schulen Brenzikofen und Herbligen sehr eng zusammen. Die beiden Schulen sind einer gemeinsamen Schulkommission unterstellt, haben eine gemeinsame Schulleitung und sind so eigentlich eine Schule mit zwei Standorten. Die Webseite der Schulgemeinschaft finden Sie unter<\/p>\n\n\n\n<p><a target=\"_blank\" href=\"http:\/\/www.schulen-hebr.ch\/\" rel=\"noreferrer noopener\">www.schulen-hebr.ch<\/a><\/p>\n\n\n\n<p>Auf dieser Seite finden Sie alle wichtigen Informationen der beiden Schulen, von Kontaktangaben zu Stundenpl\u00e4nen, Ferienplan und Berichten \u00fcber aktuelle Anl\u00e4sse.<\/p>\n\n\n\n<p><\/p>\n","protected":false},"excerpt":{"rendered":"<p>Schulen Herbligen \/ Brenzikofen Schon seit Jahren arbeiten die beiden Schulen Brenzikofen und Herbligen sehr eng zusammen. Die beiden Schulen sind einer gemeinsamen Schulkommission unterstellt, haben eine gemeinsame Schulleitung und sind so eigentlich eine Schule mit zwei Standorten. Die Webseite der Schulgemeinschaft finden Sie unter www.schulen-hebr.ch Auf dieser Seite finden Sie alle wichtigen Informationen der [&hellip;]<\/p>\n","protected":false},"author":1,"featured_media":0,"parent":0,"menu_order":0,"comment_status":"closed","ping_status":"closed","template":"","meta":{"_expiration-date-status":"","_expiration-date":0,"_expiration-date-type":"","_expiration-date-categories":[],"_expiration-date-options":[],"footnotes":""},"_links":{"self":[{"href":"https:\/\/brenzikofen.ch\/index.php\/wp-json\/wp\/v2\/pages\/204"}],"collection":[{"href":"https:\/\/brenzikofen.ch\/index.php\/wp-json\/wp\/v2\/pages"}],"about":[{"href":"https:\/\/brenzikofen.ch\/index.php\/wp-json\/wp\/v2\/types\/page"}],"author":[{"embeddable":true,"href":"https:\/\/brenzikofen.ch\/index.php\/wp-json\/wp\/v2\/users\/1"}],"replies":[{"embeddable":true,"href":"https:\/\/brenzikofen.ch\/index.php\/wp-json\/wp\/v2\/comments?post=204"}],"version-history":[{"count":1,"href":"https:\/\/brenzikofen.ch\/index.php\/wp-json\/wp\/v2\/pages\/204\/revisions"}],"predecessor-version":[{"id":206,"href":"https:\/\/brenzikofen.ch\/index.php\/wp-json\/wp\/v2\/pages\/204\/revisions\/206"}],"wp:attachment":[{"href":"https:\/\/brenzikofen.ch\/index.php\/wp-json\/wp\/v2\/media?parent=204"}],"curies":[{"name":"wp","href":"https:\/\/api.w.org\/{rel}","templated":true}]}}