{"id":159,"date":"2020-06-26T11:20:04","date_gmt":"2020-06-26T11:20:04","guid":{"rendered":"https:\/\/brenzikofen.vogt-elektro.ch\/?page_id=159"},"modified":"2020-06-26T11:20:04","modified_gmt":"2020-06-26T11:20:04","slug":"partnergemeinde","status":"publish","type":"page","link":"https:\/\/brenzikofen.ch\/index.php\/partnergemeinde\/","title":{"rendered":"Partnergemeinde"},"content":{"rendered":"\n<p><strong>Vyskytn\u00e1 <\/strong>(deutsch: B\u00f6hmisch Giessh\u00fcbel) ist eine Gemeinde in Tschechien. Sie befindet sich im Gebiet der B\u00f6hmisch-M\u00e4hrischen H\u00f6he (613m) zwischen Pelhrimov und Jihlava. Die Gemeinde Vyskytn\u00e1 besteht aus drei Ortsteilen<\/p>\n\n\n\n<ul><li>Vyskytn\u00e1, 520 Einwohner<\/li><li>Sedliste, 86 Einwohner<\/li><li>Branisov, 63 Einwohner<\/li><\/ul>\n\n\n\n<div class=\"wp-block-media-text alignwide has-media-on-the-right is-stacked-on-mobile\" style=\"grid-template-columns:auto 35%\"><figure class=\"wp-block-media-text__media\"><img fetchpriority=\"high\" decoding=\"async\" width=\"250\" height=\"247\" src=\"https:\/\/brenzikofen.ch\/wp-content\/uploads\/2020\/06\/vyskytna.png\" alt=\"\" class=\"wp-image-160\"\/><\/figure><div class=\"wp-block-media-text__content\">\n<p>Die erste Besiedelung begann gegen Ende des 12. Jahrhunderts. Heute ist es ein guter Ort, um zu leben. Er liegt inmitten der Natur und doch in guter Verbindung zu den gr\u00f6sseren St\u00e4dten Pelhrimov und Jihlava. Prag ist ca. 120km entfernt.<\/p>\n\n\n\n<p>Im Jahr 1993 entstand die Freundschaft und Partnerschaft zwischen den Gemeinden Vyskytn\u00e1 und Brenzikofen. Seither fanden viele bereichernde und sch\u00f6ne Begegnungen statt. Der ehemalige Brenzikofer Gemeindeschreiber Johann Burkhalter sel. wurde zudem im Jahr 2003 zum Ehrenb\u00fcrger von Vyskytn\u00e1 ernannt.<\/p>\n\n\n\n<p>Homepage Vyskytn\u00e1: <a href=\"http:\/\/www.vyskytna.cz\" target=\"_blank\" rel=\"noreferrer noopener\">www.vyskytna.cz<\/a><\/p>\n<\/div><\/div>\n","protected":false},"excerpt":{"rendered":"<p>Vyskytn\u00e1 (deutsch: B\u00f6hmisch Giessh\u00fcbel) ist eine Gemeinde in Tschechien. Sie befindet sich im Gebiet der B\u00f6hmisch-M\u00e4hrischen H\u00f6he (613m) zwischen Pelhrimov und Jihlava. Die Gemeinde Vyskytn\u00e1 besteht aus drei Ortsteilen Vyskytn\u00e1, 520 Einwohner Sedliste, 86 Einwohner Branisov, 63 Einwohner Die erste Besiedelung begann gegen Ende des 12. Jahrhunderts. Heute ist es ein guter Ort, um zu [&hellip;]<\/p>\n","protected":false},"author":1,"featured_media":0,"parent":0,"menu_order":0,"comment_status":"closed","ping_status":"closed","template":"","meta":{"_expiration-date-status":"","_expiration-date":0,"_expiration-date-type":"","_expiration-date-categories":[],"_expiration-date-options":[],"footnotes":""},"_links":{"self":[{"href":"https:\/\/brenzikofen.ch\/index.php\/wp-json\/wp\/v2\/pages\/159"}],"collection":[{"href":"https:\/\/brenzikofen.ch\/index.php\/wp-json\/wp\/v2\/pages"}],"about":[{"href":"https:\/\/brenzikofen.ch\/index.php\/wp-json\/wp\/v2\/types\/page"}],"author":[{"embeddable":true,"href":"https:\/\/brenzikofen.ch\/index.php\/wp-json\/wp\/v2\/users\/1"}],"replies":[{"embeddable":true,"href":"https:\/\/brenzikofen.ch\/index.php\/wp-json\/wp\/v2\/comments?post=159"}],"version-history":[{"count":1,"href":"https:\/\/brenzikofen.ch\/index.php\/wp-json\/wp\/v2\/pages\/159\/revisions"}],"predecessor-version":[{"id":162,"href":"https:\/\/brenzikofen.ch\/index.php\/wp-json\/wp\/v2\/pages\/159\/revisions\/162"}],"wp:attachment":[{"href":"https:\/\/brenzikofen.ch\/index.php\/wp-json\/wp\/v2\/media?parent=159"}],"curies":[{"name":"wp","href":"https:\/\/api.w.org\/{rel}","templated":true}]}}