{"id":147,"date":"2020-06-26T09:52:25","date_gmt":"2020-06-26T09:52:25","guid":{"rendered":"https:\/\/brenzikofen.vogt-elektro.ch\/?page_id=147"},"modified":"2023-11-30T15:37:50","modified_gmt":"2023-11-30T15:37:50","slug":"freizeit","status":"publish","type":"page","link":"https:\/\/brenzikofen.ch\/index.php\/gemeinde\/freizeit\/","title":{"rendered":"Freizeit"},"content":{"rendered":"\n<h4 class=\"wp-block-heading\">Br\u00e4tlistelle Rotache<\/h4>\n\n\n\n<p>Reservation:&nbsp;<a href=\"mailto:braetlistelle@bluewin.ch\">braetlistelle@bluewin.ch<\/a><br>Fam. Huber, Tel. 031 771 04 12<br>Telefonische Reservationen zwischen 18 und 20 Uhr!<\/p>\n\n\n\n<p>Jede Benutzung der Feuerstelle ist unbedingt anzumelden und kostet f\u00fcr Alle 20 Franken. Es wird eine Reservation mit dem Namen des Berechtigten an der Feuerstelle angeschlagen. Das Brennmaterial ist selber mitzubringen, die Feuerstelle ist nach der Ben\u00fctzung sauber zu verlassen und die Abf\u00e4lle sind mitzunehmen.<\/p>\n\n\n\n<p>Die Anfahrt zur Feuerstelle mit Motorfahrzeugen ist nur \u00fcber Heimberg gestattet.<\/p>\n\n\n\n<figure class=\"wp-block-image size-large\"><img fetchpriority=\"high\" decoding=\"async\" width=\"1024\" height=\"576\" src=\"https:\/\/brenzikofen.ch\/wp-content\/uploads\/2023\/11\/Braetlistelle-002-1024x576.jpg\" alt=\"\" class=\"wp-image-1725\"\/><\/figure>\n\n\n\n<h4 class=\"wp-block-heading\">Camping Wydeli<\/h4>\n\n\n\n<p>Seit 1952 steht der \u00d6ffentlichkeit an der Rotache ein \u00f6ffentliches Bad zur Verf\u00fcgung. Im Jahr 1966 entstand zus\u00e4tzlich auch ein kleiner Zeltplatz, der heute zu einem viel benutzten und beliebten Campingplatz auf 2 Hektaren Land ausgebaut ist. Weitere Informationen unter: <a rel=\"noreferrer noopener\" href=\"http:\/\/www.camping-brenzikofen.ch\" target=\"_blank\">www.camping-brenzikofen.ch<\/a><\/p>\n\n\n\n<h4 class=\"wp-block-heading\">Erlebnisweg Brenzikofen<\/h4>\n\n\n\n<p>Der Erlebnisweg Brenzikofen besteht seit 2018.&nbsp;\u00dcbergeordnetes Thema des Weges ist das Gold in der Rotache und die Zwergengruppe G\u00e4ngda\u2019s, welche in der Stadt Bern und entlang der Rotache zu Hause sind. Diese begleiten die Besucher und bilden mit ihrer Geschichte, die auf einer alten Sage beruht, die Basis des Erlebnisweges.&nbsp;Der Weg bietet den G\u00e4sten anhand von f\u00fcnf Hauptposten ein Erlebnis f\u00fcr die gesamte Familie. N\u00e4heres ist unter <a rel=\"noreferrer noopener\" href=\"http:\/\/www.erlebnisweg-brenzikofen.ch\/\" target=\"_blank\">www.erlebnisweg-brenzikofen.ch<\/a> ersichtlich.<\/p>\n\n\n\n<h4 class=\"wp-block-heading\">Nah-Erholung<\/h4>\n\n\n\n<p>Mit seinem Wald, der Rotache mit ihrem Ufergebiet und der Tatsache, dass durch Brenzikofen kein Durchgangsverkehr rollt, kann man getrost von einem Erholungsgebiet sprechen. Viele Wanderer, Nordic-Walker, Jogger, Biker oder einfach Spazierg\u00e4nger k\u00f6nnen sich hier wohl f\u00fchlen. Verpflegung steht im Rest. Bahnhof sowie im Sommer auch auf dem Campingplatz zur Verf\u00fcgung.<\/p>\n","protected":false},"excerpt":{"rendered":"<p>Br\u00e4tlistelle Rotache Reservation:&nbsp;braetlistelle@bluewin.chFam. Huber, Tel. 031 771 04 12Telefonische Reservationen zwischen 18 und 20 Uhr! Jede Benutzung der Feuerstelle ist unbedingt anzumelden und kostet f\u00fcr Alle 20 Franken. Es wird eine Reservation mit dem Namen des Berechtigten an der Feuerstelle angeschlagen. Das Brennmaterial ist selber mitzubringen, die Feuerstelle ist nach der Ben\u00fctzung sauber zu verlassen [&hellip;]<\/p>\n","protected":false},"author":1,"featured_media":0,"parent":81,"menu_order":2,"comment_status":"closed","ping_status":"closed","template":"","meta":{"_expiration-date-status":"","_expiration-date":0,"_expiration-date-type":"","_expiration-date-categories":[],"_expiration-date-options":[],"footnotes":""},"_links":{"self":[{"href":"https:\/\/brenzikofen.ch\/index.php\/wp-json\/wp\/v2\/pages\/147"}],"collection":[{"href":"https:\/\/brenzikofen.ch\/index.php\/wp-json\/wp\/v2\/pages"}],"about":[{"href":"https:\/\/brenzikofen.ch\/index.php\/wp-json\/wp\/v2\/types\/page"}],"author":[{"embeddable":true,"href":"https:\/\/brenzikofen.ch\/index.php\/wp-json\/wp\/v2\/users\/1"}],"replies":[{"embeddable":true,"href":"https:\/\/brenzikofen.ch\/index.php\/wp-json\/wp\/v2\/comments?post=147"}],"version-history":[{"count":5,"href":"https:\/\/brenzikofen.ch\/index.php\/wp-json\/wp\/v2\/pages\/147\/revisions"}],"predecessor-version":[{"id":1726,"href":"https:\/\/brenzikofen.ch\/index.php\/wp-json\/wp\/v2\/pages\/147\/revisions\/1726"}],"up":[{"embeddable":true,"href":"https:\/\/brenzikofen.ch\/index.php\/wp-json\/wp\/v2\/pages\/81"}],"wp:attachment":[{"href":"https:\/\/brenzikofen.ch\/index.php\/wp-json\/wp\/v2\/media?parent=147"}],"curies":[{"name":"wp","href":"https:\/\/api.w.org\/{rel}","templated":true}]}}