{"id":133,"date":"2020-06-26T09:38:25","date_gmt":"2020-06-26T09:38:25","guid":{"rendered":"https:\/\/brenzikofen.vogt-elektro.ch\/?page_id=133"},"modified":"2025-03-04T07:21:54","modified_gmt":"2025-03-04T07:21:54","slug":"behoerden","status":"publish","type":"page","link":"https:\/\/brenzikofen.ch\/index.php\/behoerden\/","title":{"rendered":"Gemeinderat Brenzikofen"},"content":{"rendered":"\t\t<div data-elementor-type=\"wp-page\" data-elementor-id=\"133\" class=\"elementor elementor-133\">\n\t\t\t\t<div class=\"elementor-element elementor-element-34b3454 e-flex e-con-boxed e-con e-parent\" data-id=\"34b3454\" data-element_type=\"container\">\n\t\t\t\t\t<div class=\"e-con-inner\">\n\t\t<div class=\"elementor-element elementor-element-82cd8f9 e-flex e-con-boxed e-con e-child\" data-id=\"82cd8f9\" data-element_type=\"container\" data-settings=\"{&quot;background_background&quot;:&quot;classic&quot;}\">\n\t\t\t\t\t<div class=\"e-con-inner\">\n\t\t\t\t<div class=\"elementor-element elementor-element-7c557b9 elementor-widget elementor-widget-text-editor\" data-id=\"7c557b9\" data-element_type=\"widget\" data-widget_type=\"text-editor.default\">\n\t\t\t\t<div class=\"elementor-widget-container\">\n\t\t\t<style>\/*! elementor - v3.21.0 - 25-04-2024 *\/\n.elementor-widget-text-editor.elementor-drop-cap-view-stacked .elementor-drop-cap{background-color:#69727d;color:#fff}.elementor-widget-text-editor.elementor-drop-cap-view-framed .elementor-drop-cap{color:#69727d;border:3px solid;background-color:transparent}.elementor-widget-text-editor:not(.elementor-drop-cap-view-default) .elementor-drop-cap{margin-top:8px}.elementor-widget-text-editor:not(.elementor-drop-cap-view-default) .elementor-drop-cap-letter{width:1em;height:1em}.elementor-widget-text-editor .elementor-drop-cap{float:left;text-align:center;line-height:1;font-size:50px}.elementor-widget-text-editor .elementor-drop-cap-letter{display:inline-block}<\/style>\t\t\t\t<p><strong>Gemeindepr\u00e4sidentin <\/strong><br \/>Pr\u00e4sidiales, Verwaltung, Tiefbau<\/p><p>Sandra Kr\u00e4henb\u00fchl<br \/>Chatzestyg 2<br \/>3671 Brenzikofen<\/p><p>M: 079 542 93 89<br \/><a href=\"mailto:sandra.kraehenbuehl@brenzikofen.ch\" data-type=\"mailto\" data-id=\"mailto:sandra.kraehenbuehl@brenzikofen.ch\">sandra.kraehenbuehl@brenzikofen.ch<\/a><\/p>\t\t\t\t\t\t<\/div>\n\t\t\t\t<\/div>\n\t\t\t\t\t<\/div>\n\t\t\t\t<\/div>\n\t\t\t\t\t<\/div>\n\t\t\t\t<\/div>\n\t\t<div class=\"elementor-element elementor-element-97cbc0c e-flex e-con-boxed e-con e-parent\" data-id=\"97cbc0c\" data-element_type=\"container\">\n\t\t\t\t\t<div class=\"e-con-inner\">\n\t\t<div class=\"elementor-element elementor-element-344f085 e-flex e-con-boxed e-con e-child\" data-id=\"344f085\" data-element_type=\"container\" data-settings=\"{&quot;background_background&quot;:&quot;classic&quot;}\">\n\t\t\t\t\t<div class=\"e-con-inner\">\n\t\t\t\t<div class=\"elementor-element elementor-element-f8089ab elementor-widget elementor-widget-text-editor\" data-id=\"f8089ab\" data-element_type=\"widget\" data-widget_type=\"text-editor.default\">\n\t\t\t\t<div class=\"elementor-widget-container\">\n\t\t\t\t\t\t\t<p><strong>Vize-Gemeindepr\u00e4sident<br \/>Finanzen<\/strong><\/p><p>Adrian Gsponer<br \/>Bahnhofplatz 4<br \/>3671 Brenzikofen<\/p><p>M: 078 600 72 84<br \/><a href=\"mailto:adrian.gsponer@brenzikofen.ch\" data-type=\"mailto\" data-id=\"mailto:adrian.gsponer@brenzikofen.ch\">adrian.gsponer@brenzikofen.ch<\/a><\/p>\t\t\t\t\t\t<\/div>\n\t\t\t\t<\/div>\n\t\t\t\t\t<\/div>\n\t\t\t\t<\/div>\n\t\t\t\t\t<\/div>\n\t\t\t\t<\/div>\n\t\t<div class=\"elementor-element elementor-element-23b0549 e-flex e-con-boxed e-con e-parent\" data-id=\"23b0549\" data-element_type=\"container\">\n\t\t\t\t\t<div class=\"e-con-inner\">\n\t\t<div class=\"elementor-element elementor-element-0d49826 e-flex e-con-boxed e-con e-child\" data-id=\"0d49826\" data-element_type=\"container\" data-settings=\"{&quot;background_background&quot;:&quot;classic&quot;}\">\n\t\t\t\t\t<div class=\"e-con-inner\">\n\t\t\t\t<div class=\"elementor-element elementor-element-0db0de4 elementor-widget elementor-widget-text-editor\" data-id=\"0db0de4\" data-element_type=\"widget\" data-widget_type=\"text-editor.default\">\n\t\t\t\t<div class=\"elementor-widget-container\">\n\t\t\t\t\t\t\t<p><strong>Sozialwesen<\/strong><br \/><br \/>Jeannette G\u00fcngerich Rindlisbacher<br \/>Holz 25<br \/>3671 Brenzikofen<br \/><br \/>M: 076 302 96 46<br \/><a href=\"mailto:jeannette.guengerich@brenzikofen.ch\">jeannette.guengerich@brenzikofen.ch<\/a><\/p>\t\t\t\t\t\t<\/div>\n\t\t\t\t<\/div>\n\t\t\t\t\t<\/div>\n\t\t\t\t<\/div>\n\t\t\t\t\t<\/div>\n\t\t\t\t<\/div>\n\t\t<div class=\"elementor-element elementor-element-b2e983b e-flex e-con-boxed e-con e-parent\" data-id=\"b2e983b\" data-element_type=\"container\">\n\t\t\t\t\t<div class=\"e-con-inner\">\n\t\t<div class=\"elementor-element elementor-element-724a9c5 e-flex e-con-boxed e-con e-child\" data-id=\"724a9c5\" data-element_type=\"container\" data-settings=\"{&quot;background_background&quot;:&quot;classic&quot;}\">\n\t\t\t\t\t<div class=\"e-con-inner\">\n\t\t\t\t<div class=\"elementor-element elementor-element-69b9855 elementor-widget elementor-widget-text-editor\" data-id=\"69b9855\" data-element_type=\"widget\" data-widget_type=\"text-editor.default\">\n\t\t\t\t<div class=\"elementor-widget-container\">\n\t\t\t\t\t\t\t<p><strong>Bildung<\/strong><br \/><br \/>Thomas Kr\u00e4henb\u00fchl<br \/>Dorfstrasse 19b<br \/>3671 Brenzikofen<br \/><br \/>M: 079 843 79 69<br \/><a href=\"mailto:thomas.kraehenbuehl@brenzikofen.ch\">thomas.kraehenbuehl@brenzikofen.ch<\/a><\/p>\t\t\t\t\t\t<\/div>\n\t\t\t\t<\/div>\n\t\t\t\t\t<\/div>\n\t\t\t\t<\/div>\n\t\t\t\t\t<\/div>\n\t\t\t\t<\/div>\n\t\t<div class=\"elementor-element elementor-element-e72eef9 e-flex e-con-boxed e-con e-parent\" data-id=\"e72eef9\" data-element_type=\"container\">\n\t\t\t\t\t<div class=\"e-con-inner\">\n\t\t<div class=\"elementor-element elementor-element-d65f5be e-flex e-con-boxed e-con e-child\" data-id=\"d65f5be\" data-element_type=\"container\" data-settings=\"{&quot;background_background&quot;:&quot;classic&quot;}\">\n\t\t\t\t\t<div class=\"e-con-inner\">\n\t\t\t\t<div class=\"elementor-element elementor-element-8c22157 elementor-widget elementor-widget-text-editor\" data-id=\"8c22157\" data-element_type=\"widget\" data-widget_type=\"text-editor.default\">\n\t\t\t\t<div class=\"elementor-widget-container\">\n\t\t\t\t\t\t\t<p><strong>\u00d6ffentliche Sicherheit<\/strong><br \/><br \/>Sabrina Oppliger<br \/>B\u00e4llizstrasse 16<br \/>3671 Brenzikofen<br \/><br \/>M: 079 238 55 92<br \/><a href=\"mailto:sabrina.oppliger@brenzikofen.ch\">sabrina.oppliger@brenzikofen.ch<\/a><\/p>\t\t\t\t\t\t<\/div>\n\t\t\t\t<\/div>\n\t\t\t\t\t<\/div>\n\t\t\t\t<\/div>\n\t\t\t\t\t<\/div>\n\t\t\t\t<\/div>\n\t\t<div class=\"elementor-element elementor-element-b541f60 e-flex e-con-boxed e-con e-parent\" data-id=\"b541f60\" data-element_type=\"container\">\n\t\t\t\t\t<div class=\"e-con-inner\">\n\t\t<div class=\"elementor-element elementor-element-2a7ea06 e-flex e-con-boxed e-con e-child\" data-id=\"2a7ea06\" data-element_type=\"container\" data-settings=\"{&quot;background_background&quot;:&quot;classic&quot;}\">\n\t\t\t\t\t<div class=\"e-con-inner\">\n\t\t\t\t<div class=\"elementor-element elementor-element-ce17f2a elementor-widget elementor-widget-text-editor\" data-id=\"ce17f2a\" data-element_type=\"widget\" data-widget_type=\"text-editor.default\">\n\t\t\t\t<div class=\"elementor-widget-container\">\n\t\t\t\t\t\t\t<p><strong>Hochbau<\/strong><br \/><br \/>Thomas Ramseier<br \/>Oppligenstrasse 6<br \/>3671 Brenzikofen<br \/><br \/>M: 079 624 04 26<br \/><a href=\"mailto:thomas.ramseier@brenzikofen.ch\">thomas.ramseier@brenzikofen.ch<\/a><\/p>\t\t\t\t\t\t<\/div>\n\t\t\t\t<\/div>\n\t\t\t\t\t<\/div>\n\t\t\t\t<\/div>\n\t\t\t\t\t<\/div>\n\t\t\t\t<\/div>\n\t\t<div class=\"elementor-element elementor-element-78fc34d e-flex e-con-boxed e-con e-parent\" data-id=\"78fc34d\" data-element_type=\"container\">\n\t\t\t\t\t<div class=\"e-con-inner\">\n\t\t<div class=\"elementor-element elementor-element-248b0c8 e-flex e-con-boxed e-con e-child\" data-id=\"248b0c8\" data-element_type=\"container\" data-settings=\"{&quot;background_background&quot;:&quot;classic&quot;}\">\n\t\t\t\t\t<div class=\"e-con-inner\">\n\t\t\t\t<div class=\"elementor-element elementor-element-f35da80 elementor-widget elementor-widget-text-editor\" data-id=\"f35da80\" data-element_type=\"widget\" data-widget_type=\"text-editor.default\">\n\t\t\t\t<div class=\"elementor-widget-container\">\n\t\t\t\t\t\t\t<p><strong>Umwelt, Kultur<\/strong><\/p><p>Yvo von K\u00e4nel<br \/>B\u00e4llizstrasse 22<br \/>3671 Brenzikofen<\/p><p>M: 078 612 06 25<br \/><a href=\"mailto:yvo.vonkaenel@brenzikofen.ch\">yvo.vonkaenel@brenzikofen.ch<\/a><\/p>\t\t\t\t\t\t<\/div>\n\t\t\t\t<\/div>\n\t\t\t\t\t<\/div>\n\t\t\t\t<\/div>\n\t\t\t\t\t<\/div>\n\t\t\t\t<\/div>\n\t\t\t\t<\/div>\n\t\t","protected":false},"excerpt":{"rendered":"<p>Gemeindepr\u00e4sidentin Pr\u00e4sidiales, Verwaltung, Tiefbau Sandra Kr\u00e4henb\u00fchlChatzestyg 23671 Brenzikofen M: 079 542 93 89sandra.kraehenbuehl@brenzikofen.ch Vize-Gemeindepr\u00e4sidentFinanzen Adrian GsponerBahnhofplatz 43671 Brenzikofen M: 078 600 72 84adrian.gsponer@brenzikofen.ch Sozialwesen Jeannette G\u00fcngerich RindlisbacherHolz 253671 Brenzikofen M: 076 302 96 46jeannette.guengerich@brenzikofen.ch Bildung Thomas Kr\u00e4henb\u00fchlDorfstrasse 19b3671 Brenzikofen M: 079 843 79 69thomas.kraehenbuehl@brenzikofen.ch \u00d6ffentliche Sicherheit Sabrina OppligerB\u00e4llizstrasse 163671 Brenzikofen M: 079 238 55 92sabrina.oppliger@brenzikofen.ch [&hellip;]<\/p>\n","protected":false},"author":1,"featured_media":0,"parent":0,"menu_order":0,"comment_status":"closed","ping_status":"closed","template":"","meta":{"_expiration-date-status":"","_expiration-date":0,"_expiration-date-type":"","_expiration-date-categories":[],"_expiration-date-options":[],"footnotes":""},"_links":{"self":[{"href":"https:\/\/brenzikofen.ch\/index.php\/wp-json\/wp\/v2\/pages\/133"}],"collection":[{"href":"https:\/\/brenzikofen.ch\/index.php\/wp-json\/wp\/v2\/pages"}],"about":[{"href":"https:\/\/brenzikofen.ch\/index.php\/wp-json\/wp\/v2\/types\/page"}],"author":[{"embeddable":true,"href":"https:\/\/brenzikofen.ch\/index.php\/wp-json\/wp\/v2\/users\/1"}],"replies":[{"embeddable":true,"href":"https:\/\/brenzikofen.ch\/index.php\/wp-json\/wp\/v2\/comments?post=133"}],"version-history":[{"count":47,"href":"https:\/\/brenzikofen.ch\/index.php\/wp-json\/wp\/v2\/pages\/133\/revisions"}],"predecessor-version":[{"id":2061,"href":"https:\/\/brenzikofen.ch\/index.php\/wp-json\/wp\/v2\/pages\/133\/revisions\/2061"}],"wp:attachment":[{"href":"https:\/\/brenzikofen.ch\/index.php\/wp-json\/wp\/v2\/media?parent=133"}],"curies":[{"name":"wp","href":"https:\/\/api.w.org\/{rel}","templated":true}]}}